{"id":112,"date":"2019-10-11T14:11:25","date_gmt":"2019-10-11T12:11:25","guid":{"rendered":"http:\/\/3d-travaux.com\/?page_id=112"},"modified":"2022-01-16T18:47:23","modified_gmt":"2022-01-16T17:47:23","slug":"profil","status":"publish","type":"page","link":"https:\/\/3d-travaux.com\/index.php\/profil\/","title":{"rendered":"Profil"},"content":{"rendered":"\n<p>Charline Cardeilhac est <strong>architecte d&rsquo;int\u00e9rieur<\/strong>, dipl\u00f4m\u00e9e de l&rsquo;Ecole Boulle \u00e0 Paris.<\/p>\n\n\n\n<p>Install\u00e9e sur Chartres depuis 2016, elle vous accompagnera pour vos projets d&rsquo;architecture d&rsquo;int\u00e9rieur.<\/p>\n\n\n\n<div class=\"wp-block-image is-style-default\"><figure class=\"aligncenter size-large is-resized\"><img loading=\"lazy\" src=\"http:\/\/3d-travaux.com\/wp-content\/uploads\/2022\/01\/Charline-7-1-1024x808.jpg\" alt=\"\" class=\"wp-image-604\" width=\"512\" height=\"404\" srcset=\"https:\/\/3d-travaux.com\/wp-content\/uploads\/2022\/01\/Charline-7-1-1024x808.jpg 1024w, https:\/\/3d-travaux.com\/wp-content\/uploads\/2022\/01\/Charline-7-1-300x237.jpg 300w, https:\/\/3d-travaux.com\/wp-content\/uploads\/2022\/01\/Charline-7-1-768x606.jpg 768w, https:\/\/3d-travaux.com\/wp-content\/uploads\/2022\/01\/Charline-7-1.jpg 1298w\" sizes=\"(max-width: 512px) 100vw, 512px\" \/><\/figure><\/div>\n\n\n\n<p>Les clients appr\u00e9cient le style qui fait la signature du cabinet&nbsp;; graphique, g\u00e9om\u00e9trique, chaleureux et \u00e9l\u00e9gant.<\/p>\n\n\n\n<p>3D Travaux intervient aupr\u00e8s des particuliers et des professionnels pour tous types de projet d\u2019am\u00e9nagement int\u00e9rieur.<\/p>\n\n\n\n<p>Fort d\u2019un r\u00e9seau d\u2019entrepreneurs et d\u2019artisans au travail particuli\u00e8rement soign\u00e9, le cabinet prend en charge des missions diverses et vari\u00e9es telles que l&rsquo;<strong>architecture d\u2019int\u00e9rieur<\/strong>, la <strong>d\u00e9coration<\/strong>, le <strong>design<\/strong>, la cr\u00e9ation de <strong>mobilier sur mesure<\/strong>, la <strong>r\u00e9novation<\/strong>, les <strong>extensions et suivi de chantier pour particuliers et professionnels.<\/strong><\/p>\n\n\n\n<p>N&rsquo;h\u00e9sitez pas \u00e0 contacter 3D Travaux pour des <strong>agencements de bureaux<\/strong> et commerces ou encore des projets neufs en coordination avec les <strong>architectes <\/strong>et <strong>ma\u00eetres d\u2019\u0153uvre<\/strong>.<\/p>\n\n\n\n<p><\/p>\n\n\n\n<p>Assurance professionnelle d\u00e9cennale : Euromaf<\/p>\n","protected":false},"excerpt":{"rendered":"<p>Charline Cardeilhac est architecte d&rsquo;int\u00e9rieur, dipl\u00f4m\u00e9e de l&rsquo;Ecole Boulle \u00e0 Paris. Install\u00e9e sur Chartres depuis 2016, elle vous accompagnera pour vos projets d&rsquo;architecture d&rsquo;int\u00e9rieur. Les clients appr\u00e9cient le style qui fait la signature du cabinet&nbsp;; graphique, g\u00e9om\u00e9trique, chaleureux et \u00e9l\u00e9gant. 3D Travaux intervient aupr\u00e8s des particuliers et des professionnels pour tous types de projet d\u2019am\u00e9nagement &hellip; <\/p>\n<p class=\"link-more\"><a href=\"https:\/\/3d-travaux.com\/index.php\/profil\/\" class=\"more-link\">Continuer la lecture<span class=\"screen-reader-text\"> de &laquo;&nbsp;Profil&nbsp;&raquo;<\/span><\/a><\/p>\n","protected":false},"author":1,"featured_media":0,"parent":0,"menu_order":0,"comment_status":"closed","ping_status":"closed","template":"","meta":[],"_links":{"self":[{"href":"https:\/\/3d-travaux.com\/index.php\/wp-json\/wp\/v2\/pages\/112"}],"collection":[{"href":"https:\/\/3d-travaux.com\/index.php\/wp-json\/wp\/v2\/pages"}],"about":[{"href":"https:\/\/3d-travaux.com\/index.php\/wp-json\/wp\/v2\/types\/page"}],"author":[{"embeddable":true,"href":"https:\/\/3d-travaux.com\/index.php\/wp-json\/wp\/v2\/users\/1"}],"replies":[{"embeddable":true,"href":"https:\/\/3d-travaux.com\/index.php\/wp-json\/wp\/v2\/comments?post=112"}],"version-history":[{"count":10,"href":"https:\/\/3d-travaux.com\/index.php\/wp-json\/wp\/v2\/pages\/112\/revisions"}],"predecessor-version":[{"id":606,"href":"https:\/\/3d-travaux.com\/index.php\/wp-json\/wp\/v2\/pages\/112\/revisions\/606"}],"wp:attachment":[{"href":"https:\/\/3d-travaux.com\/index.php\/wp-json\/wp\/v2\/media?parent=112"}],"curies":[{"name":"wp","href":"https:\/\/api.w.org\/{rel}","templated":true}]}}

<p>Charline Cardeilhac est <strong>architecte d&rsquo;intérieur</strong>, diplômée de l&rsquo;Ecole Boulle à Paris.</p>



<p>Installée sur Chartres depuis 2016, elle vous accompagnera pour vos projets d&rsquo;architecture d&rsquo;intérieur.</p>



<div class="wp-block-image is-style-default"><figure class="aligncenter size-large is-resized"><img loading="lazy" src="http://3d-travaux.com/wp-content/uploads/2022/01/Charline-7-1-1024x808.jpg" alt="" class="wp-image-604" width="512" height="404" srcset="https://3d-travaux.com/wp-content/uploads/2022/01/Charline-7-1-1024x808.jpg 1024w, https://3d-travaux.com/wp-content/uploads/2022/01/Charline-7-1-300x237.jpg 300w, https://3d-travaux.com/wp-content/uploads/2022/01/Charline-7-1-768x606.jpg 768w, https://3d-travaux.com/wp-content/uploads/2022/01/Charline-7-1.jpg 1298w" sizes="(max-width: 512px) 100vw, 512px" /></figure></div>



<p>Les clients apprécient le style qui fait la signature du cabinet&nbsp;; graphique, géométrique, chaleureux et élégant.</p>



<p>3D Travaux intervient auprès des particuliers et des professionnels pour tous types de projet d’aménagement intérieur.</p>



<p>Fort d’un réseau d’entrepreneurs et d’artisans au travail particulièrement soigné, le cabinet prend en charge des missions diverses et variées telles que l&rsquo;<strong>architecture d’intérieur</strong>, la <strong>décoration</strong>, le <strong>design</strong>, la création de <strong>mobilier sur mesure</strong>, la <strong>rénovation</strong>, les <strong>extensions et suivi de chantier pour particuliers et professionnels.</strong></p>



<p>N&rsquo;hésitez pas à contacter 3D Travaux pour des <strong>agencements de bureaux</strong> et commerces ou encore des projets neufs en coordination avec les <strong>architectes </strong>et <strong>maîtres d’œuvre</strong>.</p>



<p></p>



<p>Assurance professionnelle décennale : Euromaf</p>

<p>Charline Cardeilhac est architecte d&rsquo;intérieur, diplômée de l&rsquo;Ecole Boulle à Paris. Installée sur Chartres depuis 2016, elle vous accompagnera pour vos projets d&rsquo;architecture d&rsquo;intérieur. Les clients apprécient le style qui fait la signature du cabinet&nbsp;; graphique, géométrique, chaleureux et élégant. 3D Travaux intervient auprès des particuliers et des professionnels pour tous types de projet d’aménagement &hellip; </p>
<p class="link-more"><a href="https://3d-travaux.com/index.php/profil/" class="more-link">Continuer la lecture<span class="screen-reader-text"> de &laquo;&nbsp;Profil&nbsp;&raquo;</span></a></p>
